369 prime?
True
Is 227179 composite?
True
Is 117647 prime?
False
Is 19040746 a composite number?
True
Is 788993 a prime number?
True
Is 5815721 composite?
False
Is 1016143 prime?
True
Is 256306207 a prime number?
False
Is 3205321 a prime number?
False
Is 2870003 a composite number?
True
Is 9549781 prime?
False
Is 1419229 composite?
True
Is 190536317 prime?
True
Is 5373997 a prime number?
True
Is 32422123 a composite number?
False
Is 962959 a prime number?
True
Is 63671681 a prime number?
False
Is 908969 a composite number?
True
Is 1977268465 a prime number?
False
Is 2038247 a composite number?
False
Is 78809417 a prime number?
True
Is 3772217 prime?
True
Is 19376053 a prime number?
True
Is 12035557 a prime number?
True
Is 520690199 a prime number?
True
Is 3601421 a composite number?
False
Is 119126159 composite?
False
Is 682000063 prime?
True
Is 68279182 a composite number?
True
Is 21763603 prime?
False
Is 128304401 a composite number?
False
Is 2997247 composite?
True
Is 21474133 composite?
False
Is 1391669 a prime number?
True
Is 1843447 a prime number?
True
Is 1737077 composite?
True
Is 18513593 a composite number?
True
Is 3285419 a composite number?
False
Is 22951661 a prime number?
True
Is 158498489 a prime number?
False
Is 25939094 prime?
False
Is 20338843 a composite number?
True
Is 675377 prime?
False
Is 806139767 a prime number?
False
Is 22299817 a prime number?
False
Is 192971 composite?
False
Is 222491 prime?
False
Is 5843629 a composite number?
True
Is 1690423 composite?
True
Is 3769517 a composite number?
True
Is 5851361 a prime number?
False
Is 61322383 composite?
True
Is 113791823 prime?
False
Is 229269269 a prime number?
False
Is 785651 prime?
True
Is 12457757 a composite number?
True
Is 211048433 a composite number?
False
Is 144219613 a composite number?
True
Is 13387637 prime?
True
Is 234950017 a prime number?
False
Is 409414 composite?
True
Is 236237863 a prime number?
True
Is 1337972239 a composite number?
False
Is 12594103 a composite number?
False
Is 39418081 a prime number?
False
Is 900139 prime?
True
Is 14203081 a prime number?
True
Is 1309261 a composite number?
True
Is 205560743 composite?
True
Is 10535251 a prime number?
True
Is 438827 composite?
False
Is 517547 a composite number?
False
Is 692216935 composite?
True
Is 58706303 composite?
False
Is 29809369 a prime number?
True
Is 12825235 a prime number?
False
Is 74289307 prime?
True
Is 6037087 a prime number?
False
Is 369539 a composite number?
False
Is 18013543 prime?
False
Is 5854187 composite?
False
Is 2461091 a prime number?
True
Is 353612593 a prime number?
False
Is 10781233 a prime number?
True
Is 4966927 a prime number?
False
Is 5158339 a prime number?
True
Is 8052901 composite?
True
Is 6781589 a prime number?
False
Is 18411961 composite?
False
Is 766391 composite?
True
Is 7515427 a composite number?
True
Is 16538867 a prime number?
False
Is 2163593 a composite number?
False
Is 68784919 a composite number?
True
Is 117164933 a composite number?
True
Is 23845639 a prime number?
False
Is 404941 prime?
True
Is 140917263 a composite number?
True
Is 348828127 a prime number?
True
Is 7649569 a composite number?
True
Is 10378021 a composite number?
False
Is 29842853 composite?
False
Is 20121809 a composite number?
True
Is 335819 composite?
True
Is 32433041 composite?
True
Is 16555639 a prime number?
True
Is 14121127 a prime number?
True
Is 116912309 a prime number?
False
Is 1137740651 prime?
False
Is 19980437 prime?
True
Is 19121051 a prime number?
True
Is 54071 prime?
False
Is 6310879 a prime number?
True
Is 11414551 prime?
True
Is 102832087 a prime number?
False
Is 83334233 prime?
False
Is 1302443 a composite number?
False
Is 120179381 composite?
True
Is 50876389 a composite number?
True
Is 234783203 composite?
True
Is 7631677 prime?
True
Is 42711937 a prime number?
False
Is 26797447 a prime number?
True
Is 1076149 prime?
False
Is 3895483 a prime number?
False
Is 5781247 prime?
True
Is 5561707 a prime number?
False
Is 114618781 composite?
True
Is 42575341 a composite number?
False
Is 233540063 prime?
True
Is 8875591 composite?
False
Is 3061505 composite?
True
Is 23046163 a composite number?
True
Is 807536083 a composite number?
False
Is 1403009 composite?
False
Is 558672703 prime?
True
Is 105809063 a prime number?
False
Is 22690163 a composite number?
False
Is 16782929 a composite number?
False
Is 11702893 prime?
True
Is 35732933 prime?
True
Is 3769831 a prime number?
False
Is 269041 prime?
True
Is 147481727 composite?
True
Is 13966553 prime?
True
Is 239793703 a composite number?
True
Is 6702637 a prime number?
False
Is 4512707 composite?
False
Is 63719897 composite?
False
Is 472720013 a composite number?
False
Is 4047077 prime?
True
Is 41436481 prime?
False
Is 139594853 a composite number?
False
Is 6096079 prime?
False
Is 1131534317 a prime number?
False
Is 115287427 prime?
True
Is 14978333 a composite number?
True
Is 828601 a composite number?
False
Is 41756237 prime?
True
Is 272404414 a composite number?
True
Is 35401321 a composite number?
True
Is 3445941 composite?
True
Is 4956167 a composite number?
True
Is 676337 a composite number?
False
Is 4024361 prime?
False
Is 16824583 a composite number?
False
Is 57103 a prime number?
False
Is 176633477 prime?
True
Is 412261807 composite?
True
Is 27346989 composite?
True
Is 2776637 prime?
False
Is 24300053 composite?
True
Is 22094063 prime?
False
Is 209220293 prime?
True
Is 19827281 a prime number?
False
Is 1791109 composite?
True
Is 15034189 a composite number?
True
Is 4023671 a prime number?
True
Is 76050587 composite?
True
Is 100218827 a prime number?
True
Is 8177987 prime?
False
Is 170701 prime?
True
Is 473857 composite?
False
Is 571422407 a composite number?
False
Is 63150991 a prime number?
True
Is 267055 a prime number?
False
Is 5669719 a composite number?
True
Is 11816303 a composite number?
False
Is 38764141 composite?
True
Is 1484195501 composite?
False
Is 24905243 a prime number?
False
Is 42464683 composite?
False
Is 40128233 a composite number?
True
Is 74306047 prime?
True
Is 11348693 prime?
False
Is 10786151 prime?
True
Is 204065 composite?
True
Is 24175037 a composite number?
True
Is 109795463 a composite number?
True
Is 45279167 prime?
True
Is 25895461 composite?
True
Is 8148311 a prime number?
True
Is 629 prime?
False
Is 7247527 composite?
True
Is 414019699 a composite number?
True
Is 884641 composite?
True
Is 73107805 composite?
True
Is 41295959 a prime number?
False
Is 84272017 a composite number?
False
Is 2436821 a composite number?
True
Is 1611083 a composite number?
True
Is 65033581 a prime number?
False
Is 1104479 a prime number?
True
Is 1544729 a composite number?
False
Is 14693059 a prime number?
True
Is 219005959 a composite number?
False
Is 80105153 a composite number?
False
Is 44797829 prime?
True
Is 208569079 prime?
True
Is 95311 a prime number?
True
Is 561521 prime?
True
Is 5137433 prime?
False
Is 841855583 a composite number?
True
Is 43426333 a composite number?
True
Is 229209 prime?
False
Is 36934357 a prime number?
True
Is 1336861 composite?
False
Is 4552469 a prime number?
True
Is 21354797 composite?
False
Is 18444187 prime?
False
Is 120670477 prime?
True
Is 64762703 a prime number?
False
Is 149983 composite?
True
Is 3768779 a prime number?
False
Is 2191507 a prime number?
True
Is 16925437 composite?
False
Is 2415431 a prime number?
True
Is 422733505 a composite number?
True
Is 21987293 a composite number?
False
Is 13372043 composite?
False
Is 8928159 a composite number?
True
Is 12165823 a prime number?
True
Is 77635391 a composite number?
False
Is 9040693 prime?
True
Is 28354387 composite?
True
Is 1857239 a composite number?
True
Is 1010217547 composite?
True
Is 2347397 a composite number?
True
Is 1579757 a composite number?
True
Is 4407577 a composite number?
False
Is 142326879 prime?
False
Is 12525173 prime?
True
Is 3857309 a prime number?
True
Is 277893073 prime?
False
Is 18013 a prime number?
True
Is 2240191 prime?
True
Is 214157 a composite number?
True
Is 33623021 a composite number?
True
Is 5038207 composite?
False
Is 1671421 composite?
False
Is 2110363 a composite number?
True
Is 1486047259 a prime number?
True
Is 28755637 a composite number?
True
Is 63909691 composite?
Tru